 - 54 = m. List the prime factors of g.
23
List the prime factors of (-3)/4 + 19985/28.
23, 31
Let c = 71 - 30. Let p = c + 2. What are the prime factors of p?
43
List the prime factors of -1 + ((-4)/3 - (-4010)/15).
5, 53
Suppose -8*m - 1897 = -5977. Let s = m + -292. What are the prime factors of s?
2, 109
Suppose 3083 = 2*y - p, -2*y = p - 2586 - 491. What are the prime factors of y?
2, 5, 7, 11
Suppose -3*g + 168 = -g. Suppose -3*y - 2*p + 9 = -10, 2*p - 29 = -5*y. Suppose 0 = -y*s + 131 + g. What are the prime factors of s?
43
Suppose 3 = 4*d - 9, 2*a + d = 65. Let n = -28 + a. List the prime factors of n.
3
Let f = -257 + 476. List the prime factors of f.
3, 73
Let z(w) = 17*w. Let v be z(1). Let i(y) = y**2 - 13*y - 53. Let m be i(17). Let d = v + m. What are the prime factors of d?
2
Suppose -2*d = -3*o - 31, -3*o + 0*d = -d + 26. Let a be 2/o - (-407)/77. Suppose k + 3*z - 49 = -3*k, -a*k = 3*z - 62. What are the prime factors of k?
13
Let i = 43 - 22. Let j = 136 - i. List the prime factors of j.
5, 23
Let q(a) = -89*a - 214*a + 48*a + 4. List the prime factors of q(-1).
7, 37
Suppose 2*p + 162 + 194 = 0. Let t = -82 - p. List the prime factors of t.
2, 3
Let x be ((-6)/12 - (-6)/(-4)) + 4. What are the prime factors of x + 1/(72/(-74) + 1)?
3, 13
Suppose 3596 = 35*q - 57619. List the prime factors of q.
3, 11, 53
Suppose 35*s - 1199 - 19346 = 0. List the prime factors of s.
587
Let o = 11 - 5. What are the prime factors of 472/o - -4*(-3)/18?
2, 3, 13
Let m = 423 - 292. List the prime factors of -1*(-3)/(3/m).
131
Suppose -28*a = -32*a + 216. Suppose -4*y = -h - 152, -7*y - 5*h = -5*y - a. List the prime factors of y.
37
Let w = -6 + 11. Suppose n = 3*q - w, 0*q + n + 5 = -3*q. Suppose q*b - b = -28. What are the prime factors of b?
2, 7
Let f = -35 - -17. Let q = f - -13. List the prime factors of (-191)/(-4) + q/(-20).
2, 3
Let p = -177 - -758. List the prime factors of p.
7, 83
Let y(j) = j**2 - 11*j - 2. Let s be y(12). Let c(r) = 4*r + 8 + 2 + 3 - s. List the prime factors of c(1).
7
Suppose 0 = 19*g - 18*g - 41. Let p(f) = f**3 + 8*f**2 - 4*f - 10. Let j be p(-7). Let o = j - g. List the prime factors of o.
2, 13
Let v be 2*9/(-6) - -6. Let q(o) = 11*o**2 - o**v + 6*o**3 - 2*o - 4*o**3 - 16. List the prime factors of q(-11).
2, 3
Let c(h) = 430*h + 26. List the prime factors of c(1).
2, 3, 19
Let f be (-4 - -12)*3/6. Suppose 0 = f*u - 7*u + 30. Suppose -68 - u = -2*h. What are the prime factors of h?
3, 13
Let n = 14 + -9. Let k = n + -1. Suppose -l + 7 = -k. What are the prime factors of l?
11
Let g = -523 + 856. List the prime factors of g.
3, 37
Let d be (6/30)/(2/50). Suppose d*i - 52 + 2 = 0. List the prime factors of i.
2, 5
What are the prime factors of -1911*(2 + 28/(-7)) - 3?
3, 19, 67
Let s be (-4199)/(-133) - (-6)/14. Let c = s + -24. What are the prime factors of c?
2
Suppose 0 = -11*w + 9*w - 52. Let f = w - -52. What are the prime factors of (-315)/(-65) - (-4)/f?
5
Let l be 4/(-10) + (-1204)/(-10). Suppose -5*f = f - l. What are the prime factors of f?
2, 5
Suppose -5*n + 6*n = -2. List the prime factors of (7/(21/(-66)))/n.
11
Let s = 4 - -26. Suppose d - s = 88. List the prime factors of d.
2, 59
Suppose -f = 3*f + 28. Let s(o) = -4*o + 2 + 4 - o. List the prime factors of s(f).
41
Suppose 0 = -4*v + 2*t + 4972, -5*v = 10*t - 14*t - 6218. List the prime factors of v.
2, 3, 23
Let i(c) = c**2 - 9*c + 17. Let m be i(5). What are the prime factors of 416/10 + m/5 + 1?
2, 3, 7
Suppose 0 = -3*q - 11*q + 4760. Suppose -5*c + q = -320. What are the prime factors of c?
2, 3, 11
Let x(i) = 2*i + 17. Let t be (-70)/(-21)*3/2. Let z be 2/t + (-14)/35. List the prime factors of x(z).
17
Suppose -4*n + 5*t = -1673, 0*t + t = -3*n + 1250. List the prime factors of n.
3, 139
Suppose -40*a + 2*c - 3764 = -44*a, 5*a - 5*c - 4690 = 0. What are the prime factors of a?
2, 5, 47
Let u be (-23)/8*2*-8. Suppose -n + 3*c = -43, 3*n - 2*n = 2*c + u. List the prime factors of n.
2, 13
Let m(k) = 4*k**2 + 3*k + 29. Let n be m(-8). Suppose 0 = 14*g - n - 1895. What are the prime factors of g?
2, 7, 11
Let w(a) = a**2 - 2*a - 8. Let l = 4 - -1. Let s = l - 13. List the prime factors of w(s).
2, 3
Let z(o) = 13*o**2 + o - 1. Let l be z(1). Let x = l + -13. Suppose v + 72 = 4*i, x = i - 5*v + 1. What are the prime factors of i?
19
Let r = -67 + 156. What are the prime factors of r?
89
Let p = -1669 - -4144. What are the prime factors of p?
3, 5, 11
What are the prime factors of (-110)/(-1)*11 + 2?
2, 3, 101
Let h be 28/(-8)*(-10)/(-5). Let g = h - -64. List the prime factors of g.
3, 19
Let g(f) = 3*f - 31. Let h(b) = -4*b + 33. Let w(x) = 1. Let i(u) = h(u) - 2*w(u). Let z(p) = -6*g(p) - 5*i(p). List the prime factors of z(0).
31
Suppose 66*m = 70*m - 2476. List the prime factors of m.
619
Suppose f - 4*i = -10, 5*i - 9 = 2*f - 1. List the prime factors of 8 + 2/(f/(-9)).
5
Suppose -y - o = -0*y + 25, 4 = -2*o. Suppose -5*z - 4*w + 2*w = -275, 0 = -5*z + 4*w + 305. Let n = z + y. What are the prime factors of n?
2, 17
Let o be 6 + -3 + (0 - -1). Let r be (690/45)/(o/6). Let m = r + -1. What are the prime factors of m?
2, 11
Suppose 0*k + 256 = -u - 2*k, 4*k - 1294 = 5*u. What are the prime factors of 8/12*u/(-4)?
43
Let k = 2 - -2. Let t be k/(-6) + (-10)/30. What are the prime factors of 1 + t - (-80)/2?
2, 5
Suppose 5 = 2*m - 5. Suppose 3*i - m + 11 = 0. List the prime factors of (-10)/(-4)*(i - -14).
2, 3, 5
Let y be (-147)/98 + (1 - 35/2). What are the prime factors of (-1798)/(-9) + (-4)/y?
2, 5
Let k(z) = z + 9. Let r be k(-11). List the prime factors of r/5 + 66/15.
2
Let k = 347 + -195. Suppose 4*c - 5*l = k, -190 = -5*c - 0*l - 3*l. List the prime factors of c.
2, 19
Let b = 776 + 71. What are the prime factors of b?
7, 11
Let s be (15 + -13)*(-18 + 1). Let w = -31 - s. Suppose -w*f + 2*f = -7. List the prime factors of f.
7
Let y = 2654 - -21. What are the prime factors of y?
5, 107
What are the prime factors of (-7806)/(-36) + 15/(-18)?
2, 3
Suppose -u = -1 - 1. Let o(d) = -d**2 - 7*d - 9. Let y be o(-3). List the prime factors of (-7 - y)/(u/(-1)).
5
Suppose 6*s = 464 - 32. Suppose 16*x = 19*x - s. List the prime factors of x.
2, 3
Suppose -45 = -3*a - 2*a - 5*q, -2 = -2*a + 2*q. What are the prime factors of 5/a + -1 + 152?
2, 19
Suppose -2*h = u - 1 + 2, 31 = 3*h - 5*u. Let t(o) = o - o**h + 4*o + 5 + 7*o. List the prime factors of t(12).
5
Suppose 463 = 2*a + 89. Let v = a + -125. What are the prime factors of v?
2, 31
Let u(j) = 7*j**2 - 4*j**2 + 24 - 21*j - 4*j**2. List the prime factors of u(-20).
2, 11
Suppose -154*r + 87*r = -422368. List the prime factors of r.
2, 197
Suppose -k - 66 = 2*a, 3*a - 4*a - k = 34. Let q = a - -78. List the prime factors of q.
2, 23
Let v(h) = h**3 + 20*h**2 - 29*h + 18. List the prime factors of v(-19).
2, 3, 5, 31
List the prime factors of ((-3)/(-6))/((-5)/(-90)).
3
Suppose 4 = i + 3*i. Let a be (-1 - -1 - 0)/i. Suppose -4*l + 2 + 82 = a. List the prime factors of l.
3, 7
Suppose -1 = -0*r - r. Suppose -3*i = -7 + r. Let f(v) = 5*v**2 + 2*v - 3. List the prime factors of f(i).
3, 7
Let p = 631 + -284. What are the prime factors of p?
347
Let f = 57 + 303. List the prime factors of f.
2, 3, 5
Suppose -i - 8*n + 97 = -3*n, -3*n + 215 = 2*i. What are the prime factors of i?
2, 7
Let z = -26 - -37. Suppose 9*x + 112 = z*x. What are the prime factors of x?
2, 7
Let g = 2905 + 10. List the prime factors of g.
5, 11, 53
Let k = -26 + 26. Suppose f - 36 - 10 = k. What are the prime factors of f?
2, 23
Suppose -460 = -3*h - 76. Suppose 0 = 4*l - 4*v - h, -3*v - 3 - 3 = 0. List the prime factors of l.
2, 3, 5
Let b = 3162 + -2022. What are the prime factors of b?
2, 3, 5, 19
Let o be 1 - (-4)/(-8)*-4. Let v be o/(-3 + (-18)/(-4)). Suppose -5*k + 3*q = -172, q + 6 = v. List the prime factors of k.
2
Suppose 5*a - 13 = 2. Suppose -4*i + 4*v = 56, 11 + a = -2*i - 5*v. List the prime factors of (0 - (-4)/i)*-48.
2
Suppose 468 = 8*z - 436. List the prime factors of z.
113
Suppose 14077 = 3*i + n, -3*n + 6529 - 1826 = i. List the prime factors of i.
4691
Suppose 8*i - 42 = -2. Suppose -3*d + i*z + 118 = 0, 0 = -3*z - 0*z + 12. What are the prime factors of d?
2, 23
Let c = 100 + 1361. What are the 